 = 5*m + 4*n. What is the units digit of m?
1
Let b(w) = w**3 - 9*w**2 - 15*w - 15. Let q be b(11). Suppose -4*c = -3*y - q, -1 = -2*y - 3*c - 14. What is the units digit of -1*262/y + (-2)/(-7)?
9
What is the ten thousands digit of ((-251286)/651)/((-1)/58)?
2
Let y(o) = 3*o**2 + 3*o - 1. Let r be y(1). Suppose 2*k + 3*u + 76 = 478, -4*u - 1028 = -r*k. What is the tens digit of 1/(9/(-3)) - k/(-18)?
1
Let s(i) = -808*i**3 + i - i**2 + 809*i**3 + 77 + 2*i**2. Let b = 0 - 0. What is the units digit of s(b)?
7
Let z(p) be the third derivative of 3*p**4/8 - 15*p**3/2 + p**2. Let s be 6/(-4)*-2 - (-385 + 380). What is the tens digit of z(s)?
2
Suppose -5*y + 30 = -3*i, 5*y - 4*i + 2*i = 30. Let q be (y/(-4))/(-3 - 18/(-8)). Suppose -2*l - 308 = -q*u, 2*u + l = 6*l + 323. What is the tens digit of u?
4
Suppose -97*h + 89*h = -9648. What is the thousands digit of h?
1
Let h(s) = 11*s**2 - 2*s - 7. Let l be (6/4 - -1)*(2 + 0). Suppose 0 = -x - 4*r + 18, -10 = -l*x - 2*r - 2*r. What is the tens digit of h(x)?
4
Suppose -3*g + 3*r = -r - 40743, 3*g + 5*r = 40797. What is the thousands digit of g?
3
What is the units digit of (220/(-25))/((-26)/12090)?
2
Let r(v) = 143*v**3 - 8*v**2 + 42*v - 17. What is the units digit of r(5)?
8
Let m(b) = -b - 26. Let t be m(-16). What is the hundreds digit of (-4)/t - (-24416)/35?
6
Let l = -2563 - -5141. What is the units digit of l?
8
Let y(b) = 10*b**2 - 85*b - 3420. What is the hundreds digit of y(-29)?
4
Let d(j) = j**3 - 10*j**2 + 7*j - 8. Let b be d(9). Let w = b - -61. Suppose -240 + w = -5*f. What is the tens digit of f?
4
Let g = 105 - 105. Suppose -5*y = 4*h - 2412, g*h - 3*y = -2*h + 1206. Suppose 3*f + 386 = 2*q, 4*q - 4*f - h = 165. What is the tens digit of q?
9
Suppose 3*k - 41295 = -k + 3*r, 5*k = 4*r + 51619. Suppose -14*o - 2469 = -k. What is the tens digit of o?
6
Suppose 7*i - u = 2*i - 526, -416 = 4*i + 4*u. Let g = -67 - 139. Let c = i - g. What is the tens digit of c?
0
Suppose 3*v + 183158 = 85*f - 77*f, 45792 = 2*f - 2*v. What is the hundreds digit of f?
8
Let i(f) = 3*f**3 + 2*f**2 - 3*f - 4. Let z(q) = -q**3 - 5*q**2 - 5*q. Let w be z(-2). Let v be i(w). What is the tens digit of 13 - (32/v + (-8)/(-28))?
1
Suppose -m - 5 = 4. Let b = 9 + m. Suppose -3*u - 49 + 277 = b. What is the units digit of u?
6
Let i = 94539 + -62826. What is the hundreds digit of i?
7
Let i = -63 + 66. Suppose -3*m - 5*g + 318 = 0, 3*m - 145 = -i*g + 179. Let z = 297 - m. What is the hundreds digit of z?
1
Let h = 21570 + -14612. What is the tens digit of h?
5
Let l = -4897 + 50600. What is the thousands digit of l?
5
Let k = 374 - 369. Suppose -2*t = -3*l + 5008, -k*l = -6*l + 3*t + 1674. What is the tens digit of l?
6
Suppose 10*u - 84 = -24. Let v(r) = r**3 - r**2 - 10*r + 12. Let o be v(u). Let s = o - 36. What is the units digit of s?
6
Let p = -155 - -63. Let l = 203 + p. What is the tens digit of l?
1
Let d(p) = p**3 - 15*p**2 + 20*p + 6. Let r(v) = -2*v + 5. Let k be r(-5). Suppose 5*z = -4*h + 3*z + 66, 3*z - k = 0. What is the tens digit of d(h)?
9
What is the tens digit of ((-6)/((-24)/(-566180)))/(16 - 21)?
0
Let z be ((-72)/(-16))/((6/8)/(-1)). Let j(n) = 5*n**2 + 3*n - 11. Let m be j(z). Suppose 4*x + 163 = i, 2*x = 2*i - 3*i + m. What is the tens digit of i?
5
Let k(o) = -o**3 + 12*o**2 + 18*o - 6. Let g be k(13). Suppose 64*u = 65*u - 2. Suppose 0 = u*p - 191 + g. What is the units digit of p?
6
Suppose 4*b = -5*n - 2479, 0*n - 1267 = 2*b - 3*n. Let d = 1297 + b. Let q = d + -456. What is the tens digit of q?
1
Let x(h) = 823*h**2 + 8*h + 5. What is the hundreds digit of x(-2)?
2
Suppose 466890 + 523970 = 65*w. What is the ten thousands digit of w?
1
Suppose -30*f - 26244 = -33*f. What is the thousands digit of f?
8
Suppose o = -2*i + 1347, -4*o = -6 - 14. What is the units digit of 6/(12/4) + i?
3
Suppose 0 = -s + 4*f + 2480, -2*f - f + 9901 = 4*s. Suppose 0 = 4*x - 3*o - 3308, -3*x = -5*o + 4*o - s. What is the units digit of x?
4
Let n(t) = -68*t + 14375. What is the units digit of n(23)?
1
Let v(w) = 2*w**2 - 51*w - 62. Let u be v(27). Let i = 182 + u. What is the units digit of i?
1
Let a(c) = 47*c**3 - 40*c**2 + 3*c - 95. What is the ten thousands digit of a(8)?
2
Let q be 1/(-5) + (-42)/15 + 3. Suppose 23*z - 26*z + 12 = q. Suppose 0 = -3*p - 4*v + 49 + 30, 92 = z*p + 2*v. What is the tens digit of p?
2
Suppose 441 = 20*l + l. What is the units digit of (l/(-4))/(72/(-2112))?
4
Suppose 2*s - 61 = -3*q - 24, -q = 4*s - 69. Suppose -1420 = -22*p + s*p. What is the units digit of p?
4
Let u(b) = 101*b**2 + 2*b + 8. What is the units digit of u(-15)?
3
What is the tens digit of 5643 + (111/18 + -6 - 37/6)?
3
What is the units digit of -1300*(-30)/25 + (-2 - -5)?
3
Let y(p) = -98*p - 10. Let f(l) = 49*l + 5. Let s(i) = -10*f(i) - 6*y(i). What is the tens digit of s(3)?
0
Let t = 999 - 392. Let f = t - -1373. What is the thousands digit of f?
1
Suppose -386*y + 442*y - 799568 = 0. What is the hundreds digit of y?
2
Suppose c - 17 = -3*t, 4*c = -20 + 4. Suppose -2*g = 5 - t. What is the tens digit of -4 + (g + 2/1)*76?
2
Let l(y) = -3*y**3 - y**2 + 6*y - 3. Let d be l(-3). Suppose -24 = 48*m - d*m. What is the units digit of 214/m + (162/24)/(-9)?
6
Suppose -3*h - v + 30043 = 0, -2*h - 2*v + 3*v + 20022 = 0. What is the tens digit of h?
1
Suppose 5*a = 2*b - 368, 366 = -5*a + 4*b - 0*b. Let p = a + 230. What is the tens digit of p?
5
What is the tens digit of 12 + (-35971)/13*-1?
7
Let d = -44 + 48. Let z be (1 - 0) + d/((-8)/(-6)). Let b(a) = 20*a - 24. What is the units digit of b(z)?
6
Let n(u) = -u**3 - 6*u**2 + 8*u + 15. Let p be n(-6). Let f = p + 42. Suppose f*c + 2*c = 143. What is the tens digit of c?
1
Let j(b) = 19*b**2 + 84*b**2 - 3 - 2*b + 26*b**2. Let d = 5591 - 5592. What is the hundreds digit of j(d)?
1
Let d = -131 - -262. Let z = d + -56. Let r = -61 + z. What is the units digit of r?
4
Suppose -36*d = -5*d - 651. Suppose 0 = -30*i + d*i + 3078. What is the hundreds digit of i?
3
Let x = 319 + -313. Suppose x*g - 21*g = -11220. What is the hundreds digit of g?
7
Let j = 67280 - 8317. What is the ten thousands digit of j?
5
Let f(h) = 20*h + 44. Let k(u) = -22*u - 50. Let x(n) = -6*f(n) - 5*k(n). Suppose -5*d + d = 5*y + 46, d = 3*y - 3. What is the tens digit of x(d)?
7
Suppose -y + 392 = a - 50, -1346 = -3*a + 2*y. Suppose 5*v = 4*z - 10 - 45, 2*v = -z + 4. What is the units digit of (-6)/z - a/(-10)?
4
Suppose 0 = 3*b + 12, -1898*w + b - 73772 = -1902*w. What is the units digit of w?
4
Let q = 76 + -35. Let h = -53 + q. Let b(g) = -4*g - 35. What is the units digit of b(h)?
3
Let k = -399 + 391. Let m(v) = v**2 - 2 + 4*v - 9 + v. What is the units digit of m(k)?
3
Let h(y) = y**3 + 98*y**2 - 18*y - 690. What is the hundreds digit of h(-98)?
0
Suppose -98 = 4*z - 274. Suppose 5*q - 121 - z = 0. Suppose 0 = q*h - 30*h - 264. What is the units digit of h?
8
Let c be 31/93*24/(3 + -2). Let y(x) = 24*x**2 + x - 1. Let f be y(1). Suppose c*k = 4*k + f. What is the units digit of k?
6
Let p(r) = -r**3 + 5*r**2 + 7*r - 4. Let t = -64 + 70. Let k be p(t). Suppose -k*n = -3*n + 169. What is the tens digit of n?
6
Let c = 33 - 33. Let y be -4 - c - (-423 + -16). Suppose 10*i - y = 905. What is the hundreds digit of i?
1
Let t be 855/(-6)*24/15. What is the tens digit of 3 + (t/(-7))/((-44)/(-1386))?
2
Let o(x) = 3*x + 33. Let u be o(-11). Suppose u = 8*g + 163 - 547. What is the units digit of g?
8
Let q(j) = 83*j**2 + 107. What is the thousands digit of q(-10)?
8
Suppose -183*i + 54316 = -5590868. What is the thousands digit of i?
0
What is the tens digit of 57672/26 - (-3)/(234/(-12))?
1
Let j be 5/(-200)*-5 - 34/16. Let t(f) = -99*f - 9. What is the units digit of t(j)?
9
Suppose 7*f - 66*f - 188126 + 4756142 = 0. What is the thousands digit of f?
7
Let d(v) = -v**2 - 53*v - 42. Let r be d(-19). Suppose 5*j = j + 2*s + r, -j + 137 = 3*s. What is the hundreds digit of j?
1
Let a(n) = -n**2 + 24*n + 28. Let z be a(25). Suppose 0 = z*v + 4*v - 4515. What is the hundreds digit of v?
6
Let i = 8385 - 6800. What is the units digit of i?
5
Let q(f) = -2*f + 29. Let c = -53 - -43. Let n be q(c). Suppose 47*z = n*z - 290. What is the hundreds digit of z?
1
Let q(o) = 141*o**2 - 237*o - 5. Wh